{"id":543,"date":"2020-07-12T12:18:41","date_gmt":"2020-07-12T12:18:41","guid":{"rendered":"https:\/\/sandybrown-koala-804212.hostingersite.com\/?page_id=543"},"modified":"2023-07-28T18:36:59","modified_gmt":"2023-07-28T18:36:59","slug":"activites","status":"publish","type":"page","link":"https:\/\/lacsam.info\/?page_id=543&lang=fr","title":{"rendered":"Activit\u00e9s"},"content":{"rendered":"\n<p>Les propri\u00e9taires de chalets \u00e0 Lac Sam organisent diverses activit\u00e9s les uns pour les autres tout au long de la saison des chalets.&nbsp; Les promenades, les r\u00e9gates, les f\u00eates sur les p\u00e9niches, les courses et autres rassemblements cr\u00e9ent du plaisir pour tous les \u00e2ges et tissent des liens au sein de notre communaut\u00e9 de chalets.&nbsp; Le groupe Google du Lac Sam tiendra les propri\u00e9taires de chalets au courant des activit\u00e9s sociales au fur et \u00e0 mesure qu&#8217;elles se pr\u00e9senteront.<\/p>\n\n\n\n<p>Explorez la beaut\u00e9 du Lac Sam par le biais de sentiers et de randonn\u00e9es dans la nature, ou en kayak et en cano\u00eb. Vous serez peut-\u00eatre r\u00e9compens\u00e9 par une vue magnifique, un aper\u00e7u de la faune ou une poign\u00e9e de baies sauvages !<\/p>\n\n\n\n<p><strong>REJOIGNEZ-NOUS POUR LA MARCHE SP\u00c9CIALE SUR LA NATURE DU LAC SAM 19 ao\u00fbt 2023 !<\/strong><\/p>\n\n\n\n<p><a href=\"https:\/\/sandybrown-koala-804212.hostingersite.com\/wp-content\/uploads\/2023\/07\/Lac-Sam-Randonnee-dans-la-nature-3-1.pptx\" target=\"_blank\" rel=\"noreferrer noopener\">sandybrown-koala-804212.hostingersite.com\/\u2026\/Lac-Sam-Randonnee-dans-la-nature-3-1.pptx<\/a><\/p>\n\n\n\n<p>Articles sur les activit\u00e9s r\u00e9centes :<\/p>\n\n\n\n\n\n\n<h3 class=\"wp-block-heading\"><\/h3>\n\n\n","protected":false},"excerpt":{"rendered":"<p>Les propri\u00e9taires de chalets \u00e0 Lac Sam organisent diverses activit\u00e9s les uns pour les autres tout au long de la saison des chalets.&nbsp; Les promenades, les r\u00e9gates, les f\u00eates sur les p\u00e9niches, les courses et autres rassemblements cr\u00e9ent du plaisir<\/p>\n","protected":false},"author":1,"featured_media":104,"parent":0,"menu_order":0,"comment_status":"closed","ping_status":"closed","template":"","meta":{"footnotes":""},"class_list":["post-543","page","type-page","status-publish","has-post-thumbnail","hentry"],"_links":{"self":[{"href":"https:\/\/lacsam.info\/index.php?rest_route=\/wp\/v2\/pages\/543","targetHints":{"allow":["GET"]}}],"collection":[{"href":"https:\/\/lacsam.info\/index.php?rest_route=\/wp\/v2\/pages"}],"about":[{"href":"https:\/\/lacsam.info\/index.php?rest_route=\/wp\/v2\/types\/page"}],"author":[{"embeddable":true,"href":"https:\/\/lacsam.info\/index.php?rest_route=\/wp\/v2\/users\/1"}],"replies":[{"embeddable":true,"href":"https:\/\/lacsam.info\/index.php?rest_route=%2Fwp%2Fv2%2Fcomments&post=543"}],"version-history":[{"count":3,"href":"https:\/\/lacsam.info\/index.php?rest_route=\/wp\/v2\/pages\/543\/revisions"}],"predecessor-version":[{"id":685,"href":"https:\/\/lacsam.info\/index.php?rest_route=\/wp\/v2\/pages\/543\/revisions\/685"}],"wp:featuredmedia":[{"embeddable":true,"href":"https:\/\/lacsam.info\/index.php?rest_route=\/wp\/v2\/media\/104"}],"wp:attachment":[{"href":"https:\/\/lacsam.info\/index.php?rest_route=%2Fwp%2Fv2%2Fmedia&parent=543"}],"curies":[{"name":"wp","href":"https:\/\/api.w.org\/{rel}","templated":true}]}}