{"id":306,"date":"2016-05-14T14:25:09","date_gmt":"2016-05-14T14:25:09","guid":{"rendered":"http:\/\/sandybrown-koala-804212.hostingersite.com\/?page_id=19"},"modified":"2024-06-08T18:14:17","modified_gmt":"2024-06-08T18:14:17","slug":"lac-sam-association-2","status":"publish","type":"page","link":"https:\/\/lacsam.info\/?page_id=306&lang=fr","title":{"rendered":"Association du lac Sam"},"content":{"rendered":"\n<p class=\"\">Le but de l&#8217;Association du lac Sam est la protection du lac Sam, lac \u00e9pinette, et le milieu environnant et la promotion d&#8217;un esprit communautaire. L&#8217;Association a \u00e9t\u00e9 fond\u00e9e au milieu des ann\u00e9es soixante-dix-neuf et se r\u00e9unit g\u00e9n\u00e9ralement deux fois par an, d&#8217;abord au printemps pour l&#8217;Assembl\u00e9e g\u00e9n\u00e9rale annuelle, puis de nouveau \u00e0 11h le samedi de week-end de vacances civiques. Directeur de l&#8217;Association actuelle du lac Sam<\/p>\n\n\n\n<ul class=\"wp-block-list\">\n<li class=\"\">Kerri Ferguson, pr\u00e9sidente<\/li>\n\n\n\n<li class=\"\">Eloise Hardy, vice-pr\u00e9sidente<\/li>\n\n\n\n<li class=\"\">David Moffat, tr\u00e9sorier<\/li>\n\n\n\n<li class=\"\">Stephen Russell, Secr\u00e9taire<\/li>\n\n\n\n<li class=\"\">Jackie Byrne, agente des griefs<\/li>\n\n\n\n<li class=\"\"><\/li>\n\n\n\n<li class=\"\">Stephen Russell, v\u00e9rificateur<\/li>\n<\/ul>\n\n\n\n<h2 class=\"wp-block-heading\"><a href=\"https:\/\/sandybrown-koala-804212.hostingersite.com\/wp-content\/uploads\/2024\/04\/LS-Charte-mai-2021-FRE.pdf\">Constitution de l\u2019Association<\/a> (2021) [PDF]<\/h2>\n\n\n\n<h2 class=\"wp-block-heading\">R\u00e9unions<\/h2>\n\n\n\n<p class=\"\"><\/p>\n\n\n\n<p class=\"\"><\/p>\n\n\n\n<p class=\"\"><\/p>\n\n\n\n<p class=\"\"><\/p>\n\n\n\n<p class=\"\"><\/p>\n\n\n\n<p class=\"\"><\/p>\n\n\n\n<p class=\"\"><\/p>\n\n\n\n<p class=\"\"><\/p>\n","protected":false},"excerpt":{"rendered":"<p>Le but de l&#8217;Association du lac Sam est la protection du lac Sam, lac \u00e9pinette, et le milieu environnant et la promotion d&#8217;un esprit communautaire. L&#8217;Association a \u00e9t\u00e9 fond\u00e9e au milieu des ann\u00e9es soixante-dix-neuf et se r\u00e9unit g\u00e9n\u00e9ralement deux fois<\/p>\n","protected":false},"author":1,"featured_media":0,"parent":0,"menu_order":0,"comment_status":"closed","ping_status":"closed","template":"","meta":{"footnotes":""},"class_list":["post-306","page","type-page","status-publish","hentry"],"_links":{"self":[{"href":"https:\/\/lacsam.info\/index.php?rest_route=\/wp\/v2\/pages\/306","targetHints":{"allow":["GET"]}}],"collection":[{"href":"https:\/\/lacsam.info\/index.php?rest_route=\/wp\/v2\/pages"}],"about":[{"href":"https:\/\/lacsam.info\/index.php?rest_route=\/wp\/v2\/types\/page"}],"author":[{"embeddable":true,"href":"https:\/\/lacsam.info\/index.php?rest_route=\/wp\/v2\/users\/1"}],"replies":[{"embeddable":true,"href":"https:\/\/lacsam.info\/index.php?rest_route=%2Fwp%2Fv2%2Fcomments&post=306"}],"version-history":[{"count":5,"href":"https:\/\/lacsam.info\/index.php?rest_route=\/wp\/v2\/pages\/306\/revisions"}],"predecessor-version":[{"id":721,"href":"https:\/\/lacsam.info\/index.php?rest_route=\/wp\/v2\/pages\/306\/revisions\/721"}],"wp:attachment":[{"href":"https:\/\/lacsam.info\/index.php?rest_route=%2Fwp%2Fv2%2Fmedia&parent=306"}],"curies":[{"name":"wp","href":"https:\/\/api.w.org\/{rel}","templated":true}]}}

<p class="">Le but de l&#8217;Association du lac Sam est la protection du lac Sam, lac épinette, et le milieu environnant et la promotion d&#8217;un esprit communautaire. L&#8217;Association a été fondée au milieu des années soixante-dix-neuf et se réunit généralement deux fois par an, d&#8217;abord au printemps pour l&#8217;Assemblée générale annuelle, puis de nouveau à 11h le samedi de week-end de vacances civiques. Directeur de l&#8217;Association actuelle du lac Sam</p>



<ul class="wp-block-list">
<li class="">Kerri Ferguson, présidente</li>



<li class="">Eloise Hardy, vice-présidente</li>



<li class="">David Moffat, trésorier</li>



<li class="">Stephen Russell, Secrétaire</li>



<li class="">Jackie Byrne, agente des griefs</li>



<li class=""></li>



<li class="">Stephen Russell, vérificateur</li>
</ul>



<h2 class="wp-block-heading"><a href="https://sandybrown-koala-804212.hostingersite.com/wp-content/uploads/2024/04/LS-Charte-mai-2021-FRE.pdf">Constitution de l’Association</a> (2021) [PDF]</h2>



<h2 class="wp-block-heading">Réunions</h2>



<p class=""></p>



<p class=""></p>



<p class=""></p>



<p class=""></p>



<p class=""></p>



<p class=""></p>



<p class=""></p>



<p class=""></p>

<p>Le but de l&#8217;Association du lac Sam est la protection du lac Sam, lac épinette, et le milieu environnant et la promotion d&#8217;un esprit communautaire. L&#8217;Association a été fondée au milieu des années soixante-dix-neuf et se réunit généralement deux fois</p>
